{"id":113,"date":"2023-06-11T08:37:34","date_gmt":"2023-06-11T13:37:34","guid":{"rendered":"https:\/\/uniqhomesrealestateagency.com\/?page_id=113"},"modified":"2023-08-07T15:50:13","modified_gmt":"2023-08-07T20:50:13","slug":"nosotros","status":"publish","type":"page","link":"https:\/\/uniqhomesrealestateagency.com\/index.php\/nosotros\/","title":{"rendered":"Nosotros"},"content":{"rendered":"\n<div class=\"wp-block-columns alignwide is-layout-flex wp-container-5\">\n<div class=\"wp-block-column is-layout-flow\">\n<p class=\"has-source-serif-pro-font-family has-medium-font-size\" style=\"font-style:italic;font-weight:700\">En nuestra agencia, somos m\u00e1s que una simple inmobiliaria. Somos una empresa familiar con a\u00f1os de experiencia en el sector, y nos enorgullece ofrecer un revolc\u00f3n inmobiliario en los \u00faltimos a\u00f1os. Renovar es nuestra pasi\u00f3n y estamos dispuestos a apostar por un enfoque diferente en el mundo inmobiliario.&nbsp;&nbsp;<\/p>\n\n\n\n<p class=\"has-source-serif-pro-font-family has-medium-font-size\" style=\"font-style:italic;font-weight:700\">La sinceridad y la honestidad son los pilares fundamentales de nuestra agencia. Nos apasiona lo que hacemos y nos esforzamos por brindar un trato cercano y de confianza. Queremos establecer relaciones basadas en la confianza, porque sabemos que cada proyecto inmobiliario tiene una historia diferente y \u00fanica.&nbsp;<\/p>\n\n\n\n<p class=\"has-source-serif-pro-font-family has-medium-font-size\" style=\"font-style:italic;font-weight:700\">Nuestro equipo es peque\u00f1o pero altamente comprometido. Nos distinguimos del resto por nuestra disponibilidad absoluta y nuestra dedicaci\u00f3n para encontrar nuevos proyectos que se ajusten a tus necesidades. Estamos aqu\u00ed para acompa\u00f1arte como tu personal shopper y ayudarte a encontrar el hogar ideal o concretar tu proyecto inmobiliario.<\/p>\n\n\n\n<p><\/p>\n\n\n\n<div class=\"wp-block-columns is-layout-flex wp-container-2\">\n<div class=\"wp-block-column is-layout-flow\">\n<figure class=\"wp-block-image size-large\"><img decoding=\"async\" loading=\"lazy\" width=\"1024\" height=\"683\" src=\"https:\/\/uniqhomesrealestateagency.com\/wp-content\/uploads\/2023\/06\/Historia-y-biografia-2-1024x683.jpeg\" alt=\"\" class=\"wp-image-210\" srcset=\"https:\/\/uniqhomesrealestateagency.com\/wp-content\/uploads\/2023\/06\/Historia-y-biografia-2-1024x683.jpeg 1024w, https:\/\/uniqhomesrealestateagency.com\/wp-content\/uploads\/2023\/06\/Historia-y-biografia-2-300x200.jpeg 300w, https:\/\/uniqhomesrealestateagency.com\/wp-content\/uploads\/2023\/06\/Historia-y-biografia-2-768x512.jpeg 768w, https:\/\/uniqhomesrealestateagency.com\/wp-content\/uploads\/2023\/06\/Historia-y-biografia-2.jpeg 1125w\" sizes=\"(max-width: 1024px) 100vw, 1024px\" \/><\/figure>\n<\/div>\n<\/div>\n<\/div>\n\n\n\n<div class=\"wp-block-column is-layout-flow\">\n<figure class=\"wp-block-image size-large is-resized\"><img decoding=\"async\" loading=\"lazy\" src=\"https:\/\/uniqhomesrealestateagency.com\/wp-content\/uploads\/2023\/06\/Historia-y-biografia-1-768x1024.jpg\" alt=\"\" class=\"wp-image-209\" width=\"367\" height=\"489\" srcset=\"https:\/\/uniqhomesrealestateagency.com\/wp-content\/uploads\/2023\/06\/Historia-y-biografia-1-768x1024.jpg 768w, https:\/\/uniqhomesrealestateagency.com\/wp-content\/uploads\/2023\/06\/Historia-y-biografia-1-225x300.jpg 225w, https:\/\/uniqhomesrealestateagency.com\/wp-content\/uploads\/2023\/06\/Historia-y-biografia-1-1152x1536.jpg 1152w, https:\/\/uniqhomesrealestateagency.com\/wp-content\/uploads\/2023\/06\/Historia-y-biografia-1-1536x2048.jpg 1536w, https:\/\/uniqhomesrealestateagency.com\/wp-content\/uploads\/2023\/06\/Historia-y-biografia-1-scaled.jpg 1920w\" sizes=\"(max-width: 367px) 100vw, 367px\" \/><\/figure>\n\n\n\n<p><\/p>\n\n\n\n<p class=\"has-source-serif-pro-font-family has-medium-font-size\" style=\"font-style:italic;font-weight:700\"><br><br>Si est\u00e1s buscando una agencia diferente, que se preocupe por ti y entienda tus necesidades, no dudes en contactarnos. Estamos aqu\u00ed para ofrecerte un trato de t\u00fa a t\u00fa y brindarte la confianza que necesitas en el proceso de vender, comprar o alquilar una propiedad.\u00a0\u00a0<\/p>\n\n\n\n<p class=\"has-source-serif-pro-font-family has-medium-font-size\" style=\"font-style:italic;font-weight:700\">En nuestra agencia, cada cliente es \u00fanico y valoramos la importancia de escuchar tus deseos y expectativas. Queremos que encuentres el lugar donde puedas escribir tu propia historia y hacer de \u00e9l tu hogar.&nbsp;<\/p>\n\n\n\n<p class=\"has-source-serif-pro-font-family has-medium-font-size\" style=\"font-style:italic;font-weight:700\">No pierdas la oportunidad de vivir una experiencia inmobiliaria diferente. \u00a1Cont\u00e1ctanos hoy mismo y descubre c\u00f3mo podemos ayudarte a alcanzar tus metas!<\/p>\n<\/div>\n<\/div>\n","protected":false},"excerpt":{"rendered":"<p>En nuestra agencia, somos m\u00e1s que una simple inmobiliaria. Somos una empresa familiar con a\u00f1os de experiencia en el sector, y nos enorgullece ofrecer un revolc\u00f3n inmobiliario en los \u00faltimos a\u00f1os. Renovar es nuestra pasi\u00f3n y estamos dispuestos a apostar por un enfoque diferente en el mundo inmobiliario.&nbsp;&nbsp; La sinceridad y la honestidad son los [&hellip;]<\/p>\n","protected":false},"author":1,"featured_media":0,"parent":0,"menu_order":0,"comment_status":"closed","ping_status":"closed","template":"","meta":[],"_links":{"self":[{"href":"https:\/\/uniqhomesrealestateagency.com\/index.php\/wp-json\/wp\/v2\/pages\/113"}],"collection":[{"href":"https:\/\/uniqhomesrealestateagency.com\/index.php\/wp-json\/wp\/v2\/pages"}],"about":[{"href":"https:\/\/uniqhomesrealestateagency.com\/index.php\/wp-json\/wp\/v2\/types\/page"}],"author":[{"embeddable":true,"href":"https:\/\/uniqhomesrealestateagency.com\/index.php\/wp-json\/wp\/v2\/users\/1"}],"replies":[{"embeddable":true,"href":"https:\/\/uniqhomesrealestateagency.com\/index.php\/wp-json\/wp\/v2\/comments?post=113"}],"version-history":[{"count":18,"href":"https:\/\/uniqhomesrealestateagency.com\/index.php\/wp-json\/wp\/v2\/pages\/113\/revisions"}],"predecessor-version":[{"id":238,"href":"https:\/\/uniqhomesrealestateagency.com\/index.php\/wp-json\/wp\/v2\/pages\/113\/revisions\/238"}],"wp:attachment":[{"href":"https:\/\/uniqhomesrealestateagency.com\/index.php\/wp-json\/wp\/v2\/media?parent=113"}],"curies":[{"name":"wp","href":"https:\/\/api.w.org\/{rel}","templated":true}]}}